4*g + i = -3. Suppose 2*x + 16 - 44 = g. What are the prime factors of x?
2, 7
Suppose -l = 4*l - 15. Suppose -l*b = -2*b - 57. List the prime factors of b.
3, 19
Let h(c) = c**2 + 8*c - 3. Let f be h(-9). Suppose -11*d + f*d = -20. List the prime factors of d.
2
Let s(w) = 12*w - 9. Let f(d) = d**3 + 6*d**2 + 4*d - 7. Let p be f(-5). Let u(r) = 6*r - 4. Let t(j) = p*s(j) + 5*u(j). What are the prime factors of t(2)?
2, 5
Suppose 0 = -4*v - v + 5*r + 25, -2*v + 9 = -r. Suppose -v*x + 93 = -x. What are the prime factors of x?
31
Let f(x) = 307*x + 5. List the prime factors of f(1).
2, 3, 13
Let s(w) = w**3 + w**2 + w + 15. Let q be s(0). Let u = q + -2. List the prime factors of u.
13
Suppose -2 = -3*z + 7. Suppose -2*u + z*f = -100, -2*u - u + 145 = -2*f. Let a = u - 32. What are the prime factors of a?
3, 5
Suppose 0 = 2*k - 4 - 2. Let h(j) = k - 4 + 4 - j. What are the prime factors of h(-6)?
3
Suppose -4*g + 72 = -32. What are the prime factors of g?
2, 13
Suppose 5*v + 7 = -18. Let q = v + 11. What are the prime factors of q?
2, 3
Suppose -t + 22 = -0*t - 5*m, -4*m - 8 = 4*t. Suppose 4*s - t*l - 38 = 0, 2*s + 0*l + 2*l = 10. What are the prime factors of s?
2
Suppose -62 = -2*u - 0*u. Let d be u/2 - (-1)/(-2). Suppose z - 5 = -3*z + v, 5*v - d = 0. List the prime factors of z.
2
Let j(h) = h**2 + 4*h - 4. Let v be 8 - 9 - 0/2. Let s be (10/(-20))/(v/(-12)). List the prime factors of j(s).
2
Let z = 27 + -52. Let u = 46 + z. What are the prime factors of u?
3, 7
Suppose 4*k - 2*k + 2*f - 12 = 0, 10 = -k + 3*f. Suppose 0 = 3*q - 9. Suppose -4*l + 42 = -3*m, -q*l = 4*m - k*m - 40. What are the prime factors of l?
2, 3
Suppose -7*v - 26 = -2*y - 2*v, 2*y + 3*v = -6. Suppose n = -p - 0*p + y, 0 = 4*n + 4. List the prime factors of p.
2
Suppose -3 - 21 = 2*k. Let c = k + 32. List the prime factors of c.
2, 5
What are the prime factors of (-2)/(-8) - 270/(-8)?
2, 17
Let c = 12 + -9. Suppose -3 = -5*y + 4*b, -y + 2*b - c*b + 6 = 0. List the prime factors of y.
3
Suppose 0*t = t - 60. List the prime factors of t.
2, 3, 5
Suppose 0 = 3*k + 2*y - 89, y + 28 + 5 = k. Let x = k + -18. What are the prime factors of x?
13
Suppose 0 - 12 = v + 5*o, 5*v - 6 = -3*o. Suppose -2 = -s - 5*z, 5*z - 26 = v*s - s. Let u = s + 14. What are the prime factors of u?
2, 3
Let y = 3 - 0. Suppose 2*h + h + y*p = -6, -3*h + 5*p + 34 = 0. What are the prime factors of h?
3
Suppose -y - 3*d + 40 + 21 = 0, 5*y - 317 = -3*d. Let f = y + -36. List the prime factors of f.
2, 7
Let p(s) = -s**3 + 6*s**2 - 4*s - 1. Let r = -1 - -6. Let d be p(r). Suppose y = -q, 9*y - d*y + 20 = 0. List the prime factors of q.
2
Suppose -5*k = r - 147, 2*r + 303 = 4*r + k. What are the prime factors of r?
2, 19
What are the prime factors of (15/3 - 3) + 16?
2, 3
Let y(a) be the first derivative of -4*a**2 + 3*a - 3. Let v be y(-3). Suppose -3*d = -j + d + v, -j - 1 = 3*d. List the prime factors of j.
11
Let u(j) = 2*j - 8. List the prime factors of u(16).
2, 3
What are the prime factors of (-2 + 0)/(3832/(-638) - -6)?
11, 29
Let y(s) = -s**2 - 20*s + 29. What are the prime factors of y(-18)?
5, 13
Let y(g) = g**2 - 2*g + 7. List the prime factors of y(6).
31
Let w = 132 - 69. Let o = w + -42. List the prime factors of o.
3, 7
Suppose l = 5*l - 16. Suppose l*y = -20, -3*y - 9 = -3*d + 48. Suppose -d - 2 = -i - 3*u, 0 = -5*i - 3*u + 44. What are the prime factors of i?
7
What are the prime factors of 3 + (-3)/((-12)/244)?
2
Let h(y) = y**2 + 1. Let w(l) = l**3 + 10*l**2 + 5*l + 4. Let s(m) = 4*h(m) - w(m). Let j be s(-5). Suppose j = 5*t - 46 - 14. List the prime factors of t.
2, 3
Let m(r) = 2*r - 3 + 3 + 1. What are the prime factors of m(4)?
3
Suppose 3*g + 22*g - 2125 = 0. List the prime factors of g.
5, 17
Let z(u) = -u**3 + 9*u**2 - 9*u - 2. What are the prime factors of z(7)?
3, 11
Suppose -u - 3*u = -68. Suppose 4*c + u + 7 = 0. Let v = 0 - c. List the prime factors of v.
2, 3
Let h(c) = -5*c + 0*c + c**2 - 3 + 4. Let b be h(4). Let u = 0 - b. What are the prime factors of u?
3
Let b(w) = 13*w - 34. What are the prime factors of b(15)?
7, 23
List the prime factors of (11 - -1)*2/6.
2
Suppose 2*k + 4*z = 0, 2*z + 8 = -k - 2*z. Suppose 2*o = k, -5*b + 3*o + 17 = o. Suppose 0 = b*r + 4*g - 28, 2*r - 2*g - 2 = 2. List the prime factors of r.
2
Let o be (1/2)/((-1)/(-38)). Let m = -90 + 83. Let i = o + m. What are the prime factors of i?
2, 3
Let t be ((-12)/30)/(1/(-5)). Suppose -t*o + 4*p + 26 = 0, -o = -0*p + 3*p - 28. What are the prime factors of o?
19
Suppose 0 = -5*g + 4*r + 46, r + 0*r + 4 = 0. List the prime factors of g.
2, 3
Let x(p) = 2*p**3 + p**2 - 3*p + 3. List the prime factors of x(3).
3, 19
Suppose 3*a + a - 16 = 0. Suppose -1 = a*s - 53. List the prime factors of s.
13
What are the prime factors of (-4)/(3/((-9)/6))?
2
Suppose 48*m - 53*m + 600 = 0. What are the prime factors of m?
2, 3, 5
Let b be (-2)/7 - 2/(-7). Suppose 3*u - 5*u - 2 = -2*f, b = 4*f - 2*u - 14. What are the prime factors of f?
2, 3
Let o(j) be the first derivative of -j**4/4 + 2*j**3 - 3*j**2/2 - 7*j + 3. What are the prime factors of o(5)?
3
Let u(r) = 3*r**3 - 2*r**2 - r. Let p = 7 - 5. List the prime factors of u(p).
2, 7
List the prime factors of -45*(-4)/20*2.
2, 3
Suppose -3*f = y, -5*f = -0*f + 5*y. Suppose f = -4*c + 2*c + 38. What are the prime factors of c?
19
List the prime factors of (286/8 + 2)*(2 + 2).
151
Let i(y) = -2*y**3 - y**2 - y + 1. Let z be i(2). Let x = 50 + z. What are the prime factors of x?
29
Let n(j) = j**2 + 2*j + 1. Let a be n(-2). Let v = a + 4. What are the prime factors of v?
5
Let p(u) = 82*u**2 + 2*u + 2. List the prime factors of p(-1).
2, 41
Let z = -2 + 1. What are the prime factors of (15/6)/(z/(-10))?
5
Let t = -84 - -212. What are the prime factors of t?
2
Suppose -15 = -7*o + 4*o. Suppose -3*b + 5*w + 35 = 0, -o*b + 45 = -w + 6*w. List the prime factors of b.
2, 5
Suppose -j = -0*i + 3*i - 14, 0 = j - i - 10. What are the prime factors of j?
11
Let g = 3 - -1. Suppose -2*y = -g*y - 2. What are the prime factors of -4*2*(0 + y)?
2
Let l = -4 + 6. Suppose -2 + 0 = -l*p. Let f(a) = 4*a**2 - 2*a + 1. What are the prime factors of f(p)?
3
Let u(v) = v**3 - 4*v - 2. List the prime factors of u(4).
2, 23
Let q(f) = f**2. Let p(j) = -7*j**2 + 7*j + 4. Let t(l) = p(l) + 6*q(l). Let k be t(7). Suppose -4*h = k*g - 16, h = 6*h - 10. What are the prime factors of g?
2
Let w(t) = 4*t**2 + 2 + 1 + t**3 - t - 5. Let c be w(-4). Suppose 2*a = -l + 6, -a + c*a + 3*l = -2. List the prime factors of a.
2
Let m(p) = 5*p. Let d = -3 + 6. Let v be ((-3)/d)/(1/(-2)). List the prime factors of m(v).
2, 5
Let r = -21 + 11. Suppose 0 = -0*g - 5*g + 105. Let u = g + r. What are the prime factors of u?
11
Let z = -75 - -192. What are the prime factors of z?
3, 13
Suppose -4*x + 11*x - 413 = 0. What are the prime factors of x?
59
Suppose 0 = 2*n + 6 - 36. Suppose -16 = -4*s - 4*t, -2*t = -4*s - 7*t + n. Suppose 2*d = -s*q + 6, 5*d - 14 = -3*q + 1. What are the prime factors of d?
3
What are the prime factors of 435 + -6*3/(-9)?
19, 23
Let a = 3 + 1. Suppose -k + 45 = a*k. Let b = k + -7. List the prime factors of b.
2
Suppose -2*o - 2*j = 52 + 20, 3*o + 109 = -4*j. Let l = o + 76. What are the prime factors of l?
41
Let j(q) = -q**2 - 21*q - 8. What are the prime factors of j(-12)?
2, 5
Suppose -5*i - 4 + 14 = 0. Suppose 3*y = -2*r, 12 = -2*r + i*y + y. List the prime factors of (8/6)/(r/(-27)).
2, 3
Let r = -25 - -23. Let p = 9 - r. What are the prime factors of p?
11
Let c(x) be the first derivative of -x**4/4 + 4*x**3/3 + 4*x**2 - 7*x + 1. Suppose -25 = -3*s - 2*v, -4*s + 12 + 23 = 3*v. What are the prime factors of c(s)?
2
Let g be 9/(-6)*(-8)/6. Let b(u) = u**3 + 3*u - 1. List the prime factors of b(g).
13
Let o be 18/15*20/6. Suppose 0 = -5*n - o*y + 3*y + 47, 0 = 2*n - y - 16. What are the prime factors of 6/n*9*1?
2, 3
Let d = 12 - 3. What are the prime factors of 4 + d - 3/1?
2, 5
Let x(w) be the first derivative of 1 - w + 1/2*w**4 + 0*w**3 + w**2. What are the prime factors of x(1)?
3
Let b be -3 - 1/(4/(-36)). List the prime factors of (-8)/b - 50/(-6).
7
Let x = -25 - -41. List the prime factors of x.
2
Let i(n) = n**3 - 12*n**2 - 19*n + 7. What are the prime factors of i(14